 a(b) be the first derivative of -b**3/3 + 3*b**2/2 - 4*b + 1. Give a(l).
-22
Let h(r) be the first derivative of r**3/3 + 4*r**2 + 3*r + 99. Determine h(-6).
-9
Let p(t) = -t**2 - 6*t - 6. Suppose 2*a + 2*a + 32 = -2*r, -2*r - 5*a - 35 = 0. Let f = r + 13. Suppose 12 = -f*x, 2*x - 1 - 1 = 2*i. Give p(i).
-1
Let d(z) be the third derivative of -z**5/10 - z**4/12 - z**3/6 - z**2. Let j be (-190)/210 + 6/(-63). Determine d(j).
-5
Let j = -40 - -42. Suppose -c + j*w - 32 = 4*c, 0 = c + 5*w + 1. Let d(m) = -m**3 - 6*m**2 + m + 1. What is d(c)?
-5
Let s(a) = 1. Let i(n) = -n - 3. Let w(t) = 2*t + 6. Let b(o) = -7*i(o) - 3*w(o). Let d(q) = b(q) - 3*s(q). Determine d(0).
0
Let p(r) be the first derivative of 5*r - 2*r**2 - 4/3*r**3 + 11 + 1/4*r**4. Give p(5).
10
Suppose -24*n + 68 = -7*n. Let u(v) be the first derivative of v**3/3 - 3*v**2 - 5*v - 3. Determine u(n).
-13
Suppose 0 = -2*n - 2*x - 18, -3*x - 13 = -5*n - 34. Let t(z) = -2*z - 9. Determine t(n).
3
Let i(g) be the second derivative of g**3/6 + 41*g + 1. Calculate i(-5).
-5
Let s(b) = -b**2 + b + 2. Let z = 31 + -32. Let w be (-10 - -8) + (5 - z) + -2. Give s(w).
0
Let l be 4/(-2) - (3 - -5). Let m be (-4)/(-10) + (-56)/l. Let r(o) = -5*o - 11. Let s(i) = -i - 2. Let a(f) = -r(f) + 4*s(f). Determine a(m).
9
Let d(x) = -x**3 + 8*x**2 - 9. Let h(k) = -k**3 + 8*k**2 - 7*k - 22. Let b be h(6). Give d(b).
-9
Let m(y) = -y**3 - 4*y**2 - y + 1. Let z(c) = 2*c - 2. Let q be z(3). Suppose 3*r = -8 - q. Determine m(r).
5
Let u(j) be the first derivative of -j**6/120 - j**5/12 + j**4/4 + j**3/2 + j**2 + 3*j - 3. Let a(m) be the second derivative of u(m). Determine a(-6).
3
Let p be (38 + -36)/(2 - 0 - -2). Let d(v) be the second derivative of 0 + p*v**3 - v**2 - 1/12*v**4 + 1/20*v**5 + 7*v. Calculate d(2).
8
Let m(v) be the third derivative of -v**4/24 + 16*v**3/3 - 490*v**2. Calculate m(0).
32
Suppose -w - 43 + 13 = -y, w = -y + 40. Let h(k) = -y*k + 19*k + 7 + 17*k - 1. Give h(-8).
-2
Let y(a) = -4*a - 5. Let t be -1*-3*20/12. Calculate y(t).
-25
Let q(h) = 5*h**2 + h**3 + 4 + 36*h - 18*h - 20*h. Determine q(-5).
14
Let f(y) = 2*y**2 - y - 1. Let i be -2 + (-4)/(-3)*3. Let r(g) = -g. Let l(b) = i*r(b) - f(b). Suppose 0 = z + 2 - 1, 2*z - 8 = -5*m. Give l(m).
-9
Let d(r) be the third derivative of -r**4/24 + 5*r**3/6 - r**2 - 18*r. Suppose 3*h - 10 = 8. Determine d(h).
-1
Let y(a) be the second derivative of a**3/6 - 9*a**2/2 + 3*a - 10. What is y(4)?
-5
Suppose 18 + 370 = -4*h. Let j = h + 99. Let b(g) = -g + 2. Give b(j).
0
Let f(a) = -a**3 + 9*a**2 - 8*a - 3. Let s = 391 + -383. What is f(s)?
-3
Let h(i) = -21*i**3 + 10*i**2 - 7*i**2 + 22*i**3 - i + 4 + 6*i. What is h(-3)?
-11
Let t(q) = -2*q - 6*q + 15*q + 7 - 10*q. Give t(-3).
16
Let p(y) = -y - 4. Let b be (-12)/78 + (-67)/(-13). Suppose 34 = -3*o - 26. Let s be 30/(-8) + b/o. What is p(s)?
0
Let m(h) = 3*h + 4. Let s be m(0). Suppose 0 = 3*l - 6*l - s*f + 3, -l + f - 6 = 0. Let b(c) = -c**3 - 4*c**2 - 4*c. Calculate b(l).
3
Let t(h) = -h + 3. Let i(r) = r. Let z(x) be the first derivative of 3*x**2/2 - x + 4. Let d(b) = 17*i(b) - 6*z(b). Let o be d(6). Give t(o).
3
Let w(j) = j**3 - 9*j**2 - 2*j - 13. Suppose -2*v + 30 - 12 = 0. What is w(v)?
-31
Suppose 399 = -3*t - 18*t. Let o(q) = -q**3 - 20*q**2 - 18*q + 19. Determine o(t).
0
Let o(k) = -k**3 + 3*k - 3. Let s = 19 + -10. Let v = 9 - s. Let h be 2/2 + (v - -1). Give o(h).
-5
Let t = -30 + 42. Let l be (-32)/t*18/(-8). Let m(o) = 5*o**2 - l + 9 - 4. What is m(-1)?
4
Let l(y) = y. Let z = 42 - 46. Let h(a) = 2*a. Let v(w) = z*h(w) + 3*l(w). Give v(-2).
10
Let p(o) = o - 1. Let k = 49 + -42. Suppose -3*n = b + 18, -6*b + 8 = -k*b - n. What is p(b)?
-4
Let r(t) = -7*t**2 + 0 + 126*t + 3 + 0*t**2 + 8*t**2 - 131*t. Let a(j) = -j**2 - 9*j + 5. Let z be a(-9). Calculate r(z).
3
Let c = 28 + -23. Let b = 18 + -9. Let o(n) = 3*n**2 + 4*n - b*n - 4 + n**2 - 3*n**2. Give o(c).
-4
Let j(a) = -a**2 - 5*a + 3. Let p(d) be the third derivative of d**6/120 - 7*d**5/30 - d**3 + 12*d**2. Let c be p(14). What is j(c)?
-3
Let r(z) = 18*z - 3. Let x(c) = -8*c + 2. Let l(u) = -3*r(u) - 7*x(u). Give l(-6).
-17
Let h(z) = z**2 - 16. Let v = 206 + -201. Give h(v).
9
Let l(t) = -4*t**2 - 6*t - 7. Let i(g) be the first derivative of g**2/2 + g - 31. Let r(z) = -6*i(z) - l(z). Calculate r(1).
5
Let t(r) be the second derivative of 3/2*r**2 + 0 - 1/20*r**5 + 28*r + 1/12*r**4 + 0*r**3. Give t(0).
3
Suppose 13*k = 7*k + 30. Let x(i) be the first derivative of -i**2 + 7*i + 8. Determine x(k).
-3
Let a(i) be the second derivative of i**4/12 - i**3/3 + 3*i**2/2 + 2*i - 2. Let n be (-6)/(-9)*(-1 + 4). Let h be 32/12 - n/3. Calculate a(h).
3
Let p(v) be the third derivative of -v**5/60 - v**4/6 + v**3/2 - 2*v**2. Let k be (-2)/8 + (-8)/(-32). Suppose -o - 5 = -k*l - 5*l, 0 = 2*l. Calculate p(o).
-2
Let y(z) = -5*z**3 + 7*z**2 - 23. Let p(i) = -2*i**3 + 3*i**2 - 12. Let o(d) = 7*p(d) - 3*y(d). Calculate o(0).
-15
Let m(n) be the first derivative of n**6/360 + n**5/20 - n**4/24 + 16*n**3/3 + 22. Let l(t) be the third derivative of m(t). Determine l(-8).
15
Let b = -333/4 + 251/3. Let h(n) be the second derivative of 0 + 1/20*n**5 - 6*n + 3/2*n**2 - 7/6*n**3 + b*n**4. Calculate h(-6).
9
Let f(s) = s + 5. Let a be f(-3). Suppose 0 = a*o + 2*o - 16. Let j(n) = -o + 2*n + n - 4*n + 0. Determine j(0).
-4
Let p(z) = -z**2 - z - 4. Let f(m) = -m**2 - 3. Let u(o) = -7*f(o) + 6*p(o). Let b(g) = g**3 - 52*g**2 - 109*g + 60. Let v be b(54). Calculate u(v).
-3
Suppose -5*y = 5*z - 55, -5*y + z + 29 + 26 = 0. Let h(q) = -4 + 4 + y*q. Let i be 9*(-7)/(-105) - (-48)/(-30). Determine h(i).
-11
Let z(u) = u**2 + 3*u - 5. Suppose 4*j + 2*o = -18, -2*j + 4*o = -4 + 8. What is z(j)?
-1
Let j be 4 + 3 + (3 - 8). Let r(i) = 1 - 8*i**j + i**2 - 3 + 7*i. Let a(o) = -11*o**2 + 11*o - 3. Let m(n) = -5*a(n) + 8*r(n). Determine m(0).
-1
Let i(d) be the second derivative of d**5/20 - 5*d**4/12 - 2*d**3/3 + 5*d**2 - 3*d + 5. What is i(5)?
-10
Let t(j) be the first derivative of j**3/3 - 5*j**2/2 + 2*j + 9. Suppose -28 = 67*g - 81*g. What is t(g)?
-4
Suppose 4*k + 6*d + 24 = 3*d, 18 = -3*k + 6*d. Let z(m) be the first derivative of 7/2*m**2 + 1/3*m**3 + 4*m + 1. Calculate z(k).
-2
Suppose 10887 = 2*n + 10867. Let c(y) = -y**3 + 8*y**2 + 15*y - 3. Calculate c(n).
-53
Suppose -h = -4*p - 4 + 27, -5*h - 7 = -2*p. Suppose 7*x + 3*x - 20 = 0. Let y(w) = -19 + 35 + w - 10 + w**3 - 6*w**x - 14. What is y(p)?
-2
Let g(b) = 17*b - 232. Let f be g(13). Let c(y) = 3*y - 6. Give c(f).
-39
Let f be 1 + (1 - 1 - 3). Let a(d) = -19301 + 3*d + 9653 + 9646. Calculate a(f).
-8
Let n be (-45)/(-18)*4/5. Let a(i) = i**2 - n - 2*i - 5*i**2 + 6*i**2 - i**2. What is a(3)?
1
Let i(s) = s + 2. Let j be i(3). Let g(p) = -46 + 42 + 9*p**2 - 11*p**2 + j*p. Determine g(3).
-7
Let o(u) = -2*u**2 - u - 8. Let r(m) = -3*m**2 - m - 16. Let v(z) = -5*o(z) + 3*r(z). Determine v(4).
16
Let k(m) = m + 2. Let s(d) be the second derivative of -d**4/12 + 8*d**3/3 - 15*d**2/2 + d + 2. Let i be s(15). Calculate k(i).
2
Suppose -151 = 3*q + 5*a, 43 + 57 = -2*q - 4*a. Let b = -53 - q. Let x(i) = 4*i**2 + 2*i + 1. What is x(b)?
3
Let q(s) = -s**2 + 6*s - 5. Let h be q(4). Let c(n) = -n**2 - 584 + 48*n - 47*n + 580. Determine c(h).
-10
Let m(i) = 3*i**2 + 3*i + 1. Let f(a) = -16*a**2 - 15*a - 6. Let z(v) = -2*f(v) - 11*m(v). Suppose 60 = 3*n + n. Let o be (2/3)/((-2)/n). Calculate z(o).
-9
Let v be ((-25)/10)/((-2)/4). Suppose -v*m + 4 = -6*m. Let b(y) = y**2 + y. Let i(f) = 3*f**2 + 3. Let s(z) = -4*b(z) + i(z). Calculate s(m).
3
Let a(j) = -9*j - 18*j**2 + 9*j + 24*j**2 + 1. What is a(1)?
7
Let w(j) = 3*j. Let x(y) = -8*y + 1. Let g(n) = -11*w(n) - 4*x(n). Let i = 26 - 35. Give g(i).
5
Let x(g) = -2*g + 13. Let n be 5 - (-5)/((-35)/(-49)). Give x(n).
-11
Let q(z) be the first derivative of z**2/2 - 2*z + 258. Determine q(0).
-2
Let v(f) = -f**2 + 0*f**2 - 9*f + 0*f + 1 - 7. Calculate v(-9).
-6
Let v = 11 + -8. Let r(p) = -p**3 + 3*p**2 + 11*p - 1. Let o be r(5). Suppose v*g + g = 4*t - 4, g = -o*t - 16. Let k(a) = a**2 + 3*a + 3. Determine k(g).
7
Let m(b) = b**3 + b**2 + 2*b - 8. Suppose 10*a = -7*a + 24*a. Determine m(a).
-8
Let o(c) = 2*c - 14. Let f(r) = r - 4. Let w(z) = -6*f(z) + o(z). Deter